eds digit of j?
2
Suppose -27*s + 6*s = 399. Let t(p) = -p**2 - 33*p - 84. What is the tens digit of t(s)?
8
Suppose -3*z - 144 = -7*z. Suppose 22*b - 19*b = -z. Let o(a) = a**2 + 12*a + 30. What is the tens digit of o(b)?
3
Let x(n) = 1561*n - 6540. What is the ten thousands digit of x(26)?
3
Suppose -1459*k - 73864 = -1473*k. What is the tens digit of k?
7
Let s = 2333 - -655. Suppose 1752 = 15*w - s. What is the hundreds digit of w?
3
Let a = 166 - 16. Let q = a + -98. What is the tens digit of q?
5
Suppose -54032 = -2*j + 5*o, 4*o = -2*j + 7*o + 54016. What is the units digit of j?
6
What is the ten thousands digit of 24516/2 - (-2512)/314?
1
Let l = -3582 + 663. Let m = -1627 - l. What is the units digit of m?
2
Let p be -2 + 5940/(-35) + 2/(-7). Let x = 46 - p. What is the hundreds digit of x?
2
Suppose -2*h = -5 - 1. Suppose 2*t - 333 = 5*a, -6*t + 846 = -t + a. Suppose -g + 81 = 2*g + 5*p, 0 = 5*g - h*p - t. What is the units digit of g?
2
Let v(k) be the second derivative of -k**6/80 + 7*k**5/40 - 49*k**4/12 + 39*k. Let r(d) be the third derivative of v(d). What is the units digit of r(-7)?
4
Suppose -2977 - 5306 = -n + 3*i, n = 5*i + 8279. What is the units digit of n?
9
Let w = 404 + -101. Let l = 1273 - w. What is the tens digit of l?
7
Let l be (1 - (1 + (-9)/3)) + 10. Let r be (l + -12)/((-1)/172). Let u = -78 - r. What is the units digit of u?
4
Suppose -30601 = -7*t - 4309. What is the hundreds digit of t?
7
Suppose 0 = -2*g - 5*m + 7422, -64*g + 68*g - 14792 = 3*m. What is the hundreds digit of g?
7
What is the units digit of 0/(4 - (13 - 6)) + 3531?
1
What is the ten thousands digit of (6270/198)/((-5)/(-1875))?
1
What is the hundreds digit of 4/5*615/(-738) - (-170236)/6?
3
Let f = 40478 + -20992. What is the ten thousands digit of f?
1
Let b = 53055 + -33229. What is the tens digit of b?
2
Let z be 312/8*(656/(-6))/(-4). Let f = z + -628. What is the units digit of f?
8
Let l(i) = i**3 + i + 2. Let k(h) = 3*h**3 - 22*h**2 - 60*h + 37. Let r(o) = k(o) - 2*l(o). What is the hundreds digit of r(25)?
3
Suppose -2*z = -5*s - 10353, -5353 - 15371 = -4*z + 4*s. What is the tens digit of z?
8
Let j(m) = -4 - 2*m**2 + 6*m**2 + 4*m + 11*m - 14*m + m**3. Let q be j(-2). Suppose q*c - 9 = -5. What is the units digit of c?
2
Suppose 16*g = 21*g - 15. Let k be ((-9)/(-2) - g)/(3/8). Suppose 2*w + 262 = 5*h + 4*w, k = 4*w. What is the units digit of h?
2
Let n(p) = 57*p**2 - 35*p - 556. What is the tens digit of n(-10)?
9
Suppose 4*t + 73 = -3*x + 68, -29 = -5*x - 2*t. Let r(j) = -2*j**3 - 2*j**2 - 3*j - 2. Let f be r(-2). Suppose x*a = f*a - 849. What is the tens digit of a?
8
Suppose -2*p - p = 3*u - 1239, 2*p = -u + 413. Let i = 856 - u. Let x = i + -258. What is the units digit of x?
5
Suppose -3*x = -0 - 12. Suppose 5*q - 388 = -x*n + q, 3*n = 4*q + 263. Suppose -n = -4*w + 303. What is the tens digit of w?
9
Suppose 3*r = 3*p + 21 - 27, 1 = -3*r + 2*p. What is the units digit of r + (-7)/((-49)/2506)?
1
Let l(r) = 17*r - 8. Let j be l(9). Let g = j + 70. What is the tens digit of g?
1
Let i(y) = 0 - y**2 - 8*y + 4*y + 1 - 13*y. Let h be i(-17). Let a(p) = 207*p**2 + 2*p - 1. What is the hundreds digit of a(h)?
2
Let b(v) = -4*v - 9. Let n be b(-4). Let u = 11 - n. What is the units digit of (-8)/u - (1 - 32)?
9
Suppose 0 = -10329*x + 10342*x - 84708. What is the thousands digit of x?
6
Let a = 626 + -624. What is the hundreds digit of a - -700*(7 - 5)?
4
Let d be 22/2 - 21/7. Let w(q) = 0*q - d*q + 9*q. What is the units digit of w(16)?
6
Let a(n) = 23*n**3 + 7*n**2 + 12*n - 7. What is the tens digit of a(6)?
8
Let t be -1*2*1516/(-8). Suppose 2*g - 481 - t = 0. What is the units digit of g?
0
Let w(r) = r**3 + 19*r**2 + 9*r - 8. Let q = 19 - 33. What is the hundreds digit of w(q)?
8
Suppose 3*w - 1780 = -3*d + 4154, 5*w - 3*d - 9930 = 0. What is the units digit of w?
3
Let m(f) be the third derivative of f**4/6 + 17*f**3/6 + 3*f**2. Suppose 3*z + 12 = 0, -2*w - z = -4 - 6. What is the tens digit of m(w)?
4
Suppose 47 - 17 = 10*n. Suppose -5*t + 25 = 0, -n*r + 3*t + 148 = 5*t. Suppose 94 + r = 7*f. What is the units digit of f?
0
Suppose 2*x = -2, -2*x + 5 = -l + 2. What is the hundreds digit of 2106/(-4)*(l - 39/(-9))?
3
Let i be 8/(-6)*((-13 - -7) + 3). Let p be (-468)/((1/i)/((-11)/66)). Suppose -5*x = -9*x + p. What is the tens digit of x?
7
Suppose 17*m - 44831 = 116448. What is the thousands digit of m?
9
Suppose -7 - 77 = 4*d. Let b be 1 - -45 - -3 - 1. Let s = b - d. What is the units digit of s?
9
What is the thousands digit of 5985 + 12/(-24)*0?
5
Suppose -3*h + 5*g = -27615, 3*g = -87*h + 90*h - 27609. What is the thousands digit of h?
9
Let q be (2/6 + -1)/(37/(-222)). Suppose q*j - 708 = -2*i, -1770 = -5*i - 0*j - 2*j. Suppose -2*z = -4*z + i. What is the tens digit of z?
7
Let a be 4/10 - 1665/(-25). Let g = 144 + 9. Let y = g - a. What is the units digit of y?
6
Let n(t) = -6*t**3 + 7*t**2 + 98*t + 826. What is the units digit of n(-9)?
5
Let p = 16776 - 4175. What is the hundreds digit of p?
6
Suppose 2*h + 8 = 2*x, -8 + 38 = -5*x - 5*h. What is the units digit of (2*x - -179)*(-52 - -59)?
9
Let w(i) = 356*i - 209. What is the units digit of w(16)?
7
Let w(k) = -k**3 + 4*k**2 - 3*k. Let j be w(2). Suppose -2*n = -4*a - 1344, -n + j*n - 696 = -4*a. Suppose -8*u = -0*u - n. What is the units digit of u?
5
Let a be ((-6)/(-10))/(33/2475). Suppose 38*p - a*p + 6090 = 0. What is the tens digit of p?
7
Let u = 85 + -82. Suppose u*m = m + 1692. What is the hundreds digit of (29/(-87))/((-2)/m)?
1
Suppose 2*b = -5*u + 10*u, -4*b + 22 = u. Suppose 2*l - 3730 = -2*c, b*c - 7927 + 466 = -4*l. What is the tens digit of l?
6
Suppose -510*x + 511*x + 4*m - 2814 = 0, 4*x + 2*m = 11298. What is the thousands digit of x?
2
Suppose -2*y + 284 = 2*p - 12, 4*y - 556 = 5*p. Suppose 3*b = -3*f + y, 2*b - 3*b = -3*f + 128. Let c = f + -1. What is the units digit of c?
3
Let l(o) = -6*o - 3. Let w(d) = d. Let u(j) = -5*l(j) + 15*w(j). Let p be u(5). Suppose 0 = 6*k - p - 180. What is the tens digit of k?
7
Let f be (5010/60)/((-1)/(-12)). Let y = f - 19. What is the hundreds digit of y?
9
Let n(d) = 9*d**2 + d + 5. Suppose 63 - 18 = 5*g. Suppose 7*k + 12 + g = 0. What is the tens digit of n(k)?
8
Let s = 3813 - 1585. What is the hundreds digit of s?
2
Suppose -9*s = -3*s + 564. Let z = 48 - s. Suppose b - u = -3*u + z, 0 = -b + 3*u + 142. What is the tens digit of b?
4
Let u = 24 - 24. Let o = 1 - u. What is the tens digit of (-1719)/(-27) + o/3?
6
What is the tens digit of 69/276 - (-101868)/16?
6
Let j(d) = d - 4. Let v be (2 - 7)*-1*1. Let c be j(v). What is the tens digit of (c + 14/(-10))*-50?
2
Let k(p) = 2*p**3 - 85*p**2 + 43*p - 49. Let q be k(42). Let i(t) = -105*t - 45. What is the tens digit of i(q)?
9
What is the tens digit of (-3)/3*(101 + -107) + 1 + 3998?
0
Let k(p) = -p**3 + 23*p**2 - 15*p - 51. Let l be k(22). Let n = l - -36. What is the hundreds digit of n?
1
Suppose 2*q = -3*t + 41 + 101, -3*q = -5*t + 243. Let a be (-170)/(-8)*-1 - (-12)/t. What is the units digit of (-1 + 60/(-9))/(7/a)?
3
Suppose 5*f - 297 = 5*w + 43, -5*f - 5 = 0. Let s(o) = -31*o - 3. Let a be s(-6). Let p = w + a. What is the hundreds digit of p?
1
Suppose 4*g - 425 + 65 = 0. Let p = 169 - g. Let h = p + -39. What is the tens digit of h?
4
Let k = -1239 + 1285. What is the units digit of k?
6
Suppose 2*v = -r - 517, -6*v - 15 = -v. What is the tens digit of r/(-5) + -6 + 203/35?
0
Let s(x) be the first derivative of 3*x**3/2 - 3*x**2/2 + 9*x - 24. Let r(n) be the first derivative of s(n). What is the tens digit of r(10)?
8
Suppose -80 = -5*j - 2*x + 7*x, j - 20 = -x. Let v = 707 - j. What is the units digit of v?
9
Let g be ((-2)/(-7))/((-17)/(-595)). Suppose -z + 10 = t, 7*z + 26 = g*z + t. What is the tens digit of z/(-4) - (-1 - 219)?
1
Let l = -537 - -111. Let b = l - -1081. What is the units digit of b?
5
Let f(a) = -a**3 - 6*a**2 + 15*a + 49. Let q be f(-7). What is the units digit of 6/((-2178)/312 - q)?
2
Suppose 5*p + 54 = 8*p. Suppose -16 = -2*t + p. What is the tens digit of 568/9 - t/153?
6
Let s(i) = -i**2 - i - 1. Let d(z) = 4*z**2 - z - 10. Let w(f) = -d(f) - 3*s(f). Let m be w(7). What is the units digit of m/52 + -5*(-471)/13?